.
-1
Let c(y) = 5*y**2 + 13*y + 6. Give c(-4).
34
Let d(y) = -2*y**3 - 62*y**2 - 49*y + 332. Calculate d(-30).
2
Let o(s) = 3*s**3 + 6*s**2 - 2*s - 25. Give o(-4).
-113
Let n(a) = -569*a + 5143. What is n(9)?
22
Let v(l) = 273*l - 2182. Calculate v(8).
2
Let o(q) = -2*q**3 + 2*q**2 + 37*q + 8. What is o(-5)?
123
Let x(g) = 126*g - 4285. What is x(34)?
-1
Let o(f) = -26*f**2 - 13*f + 13. Calculate o(1).
-26
Let a(t) = -128*t - 120. Determine a(-1).
8
Let m(z) = z**2 - 1357*z - 216140. Calculate m(-144).
4
Let z(k) = 2083*k - 85403. What is z(41)?
0
Let x(n) = -143*n - 344. What is x(-2)?
-58
Let k(o) = 61*o**2 + 362*o - 26. Give k(-6).
-2
Let g(y) = -4*y - 151. Determine g(17).
-219
Let y(l) = 2*l**2 - 52*l - 2367. Determine y(-24).
33
Let c(g) = 2*g**2 - 110*g - 1612. Determine c(67).
-4
Let w(z) = z**2 - 73*z + 596. Give w(9).
20
Let n(g) = 2*g**2 - 13*g + 4. Calculate n(9).
49
Let v(h) = 16*h - 617. Determine v(42).
55
Let b(s) = 2*s**2 + 67*s + 903. Calculate b(-16).
343
Let i(u) = 2*u**2 - 699. Determine i(22).
269
Let n(l) = -l**3 - 2*l**2 + 14*l - 5. Calculate n(0).
-5
Let z(j) = -6*j - 45. Determine z(-6).
-9
Let t(n) = 10*n**2 + 9*n + 4. Give t(-2).
26
Let d(r) = -r**3 - 8*r**2 + 5*r - 44. What is d(-9)?
-8
Let z(i) = -91*i + 195. Give z(-5).
650
Let q(m) = -4*m**3 + m + 14. Determine q(3).
-91
Let z(i) = i**3 + 14*i**2 - 41*i - 147. Calculate z(-16).
-3
Let s(h) = -2*h**3 + 41*h**2 + 26*h - 918. Give s(20).
2
Let j(f) = -2*f**3 + f**2 - 60*f + 60. Determine j(1).
-1
Let x(v) = 32*v + 227. What is x(-6)?
35
Let x(s) = 3*s**3 - 237*s**2 - 12*s + 951. Calculate x(79).
3
Let z(w) = -w**2 - 659*w + 1996. Calculate z(3).
10
Let m(o) = 3*o**3 - 26*o**2 + 5*o + 95. Determine m(8).
7
Let r(m) = 108*m + 986. Determine r(-9).
14
Let z(s) = 2*s**3 + 10*s**2 + 21*s + 146. Calculate z(-6).
-52
Let n(k) = -5*k**2 + 67*k + 66. Give n(-1).
-6
Let m(x) = 2*x + 71. What is m(-12)?
47
Let c(z) = -27*z - 228. What is c(-14)?
150
Let d(o) = o**2 + 229*o + 9267. Give d(-176).
-61
Let u(v) = 626*v + 8765. Give u(-14).
1
Let g(q) = 8*q**2 + 34*q + 43. What is g(0)?
43
Let r(v) = -229*v - 114. Give r(-5).
1031
Let n(j) = -j**3 - 27*j**2 - 102*j + 173. Determine n(-22).
-3
Let a(q) = -17*q + 505. Calculate a(28).
29
Let x(t) = 174*t - 2433. What is x(14)?
3
Let x(c) = 177*c - 900. Calculate x(5).
-15
Let f(t) = -t**3 - 8*t**2 - 12*t - 15. Determine f(-6).
-15
Let w(l) = -5*l**2 + 432*l - 8006. Determine w(27).
13
Let w(b) = -11354*b + 90833. Give w(8).
1
Let y(s) = -3*s**2 + 62*s + 265. What is y(-5)?
-120
Let a(n) = -n**3 - 36*n**2 + 162*n + 1753. What is a(-39)?
-2
Let b(h) = -2*h**3 - h**2 + 66*h + 4. Give b(0).
4
Let o(t) = -89*t + 2040. What is o(23)?
-7
Let j(n) = -59*n**2 + 359*n - 17. Give j(6).
13
Let k(a) = 17*a**2 + 315*a + 154. Give k(-18).
-8
Let v(w) = -3*w**3 + 3*w**2 - 2*w - 5. What is v(0)?
-5
Let m(d) = -189*d - 4895. Give m(-26).
19
Let v(h) = -20*h**2 + 2665*h + 2007. Determine v(134).
-3
Let d(q) = 6*q**2 - q + 9. Determine d(3).
60
Let t(x) = 69*x**2 + 3*x - 1. Determine t(1).
71
Let u(b) = -b**2 + 14*b + 41. Calculate u(14).
41
Let d(a) = a**2 - 119*a + 1854. What is d(101)?
36
Let w(r) = -259*r - 1548. Calculate w(-6).
6
Let c(r) = -2*r**2 + 27*r - 61. Give c(10).
9
Let w(k) = -4*k**2 + 813*k - 10765. Determine w(189).
8
Let p(x) = x**2 + 124*x + 1336. What is p(-112)?
-8
Let n(t) = 4*t**3 + 132*t**2 - t - 61. Give n(-33).
-28
Let v(u) = -6*u**3 + 456*u**2 - 4*u + 317. Determine v(76).
13
Let a(t) = -4*t**3 - 75*t**2 - 324*t - 3. Give a(-12).
-3
Let o(i) = 284*i + 8. Give o(0).
8
Let v(q) = -5*q**3 + 50*q**2 + 21*q - 203. Determine v(10).
7
Let x(f) = -282*f - 1142. Give x(-4).
-14
Let o(r) = 19*r**2 + 2*r - 72. What is o(-5)?
393
Let b(l) = l**3 - 63*l**2 + 690*l - 57. Determine b(14).
-1
Let l(j) = -j**2 + 13*j + 139. Calculate l(-11).
-125
Let w(a) = -7*a - 147. What is w(-21)?
0
Let j(c) = -346*c - 5192. Calculate j(-15).
-2
Let g(f) = 5*f**2 + 142*f - 237. What is g(-30)?
3
Let t(a) = -33*a**2 - 99*a. Determine t(-5).
-330
Let h(m) = m**2 - 16*m - 60. Give h(-4).
20
Let f(k) = 8595*k + 103133. What is f(-12)?
-7
Let s(p) = 146*p - 17810. Give s(122).
2
Let z(t) = -70*t**3 - 145*t**2 - 13*t - 26. Give z(-2).
-20
Let r(o) = -13*o + 102. What is r(15)?
-93
Let p(y) = 397*y - 1595. Calculate p(4).
-7
Let i(t) = 7*t**2 - 69*t + 33. Calculate i(9).
-21
Let r(s) = s**3 - 25*s**2 + 61*s + 52. Determine r(22).
-58
Let c(u) = 58*u**2 - 182*u + 362. What is c(2)?
230
Let p(z) = -z**3 - 17*z**2 + 64*z - 14. Determine p(-20).
-94
Let d(n) = 58*n - 4407. Give d(76).
1
Let r(x) = -50*x + 23. Calculate r(-4).
223
Let m(w) = w**2 + 1480*w + 5921. Calculate m(-4).
17
Let a(w) = -108*w - 415. Give a(-4).
17
Let f(d) = -d**3 - 48*d**2 - 207*d + 355. Determine f(-43).
11
Let s(k) = 266*k + 533. Give s(-2).
1
Let h(x) = 26*x + 2018. Calculate h(-78).
-10
Let b(j) = -3*j**2 - 294*j + 594. What is b(-100)?
-6
Let g(u) = -u**2 - 55*u - 636. What is g(-40)?
-36
Let q(n) = 8*n**2 - 111*n - 436. Give q(17).
-11
Let g(n) = 1664*n + 5003. Determine g(-3).
11
Let z(i) = -29*i**2 - 214*i - 61. Give z(-7).
16
Let m(i) = i**2 + 138*i + 799. Calculate m(-6).
7
Let c(t) = 81*t + 8593. What is c(-106)?
7
Let d(t) = -24*t**2 + 33*t - 111. Give d(6).
-777
Let a(t) = -3*t**3 + 9*t**2 + 83*t + 23. Determine a(7).
16
Let r(t) = -68*t - 12. What is r(-2)?
124
Let c(m) = 2*m**2 + 9*m - 13. Give c(-7).
22
Let g(d) = 148*d + 410. Determine g(-3).
-34
Let s(x) = -3*x**2 + x - 26. Give s(0).
-26
Let s(o) = -o**2 - 46*o + 34. Calculate s(-46).
34
Let k(i) = 207*i - 2605. Determine k(16).
707
Let i(p) = 4*p - 12. What is i(19)?
64
Let r(j) = -j**3 + 11*j**2 - 4*j - 75. Calculate r(9).
51
Let b(h) = h**3 - 17*h**2 - 40*h + 939. Determine b(13).
-257
Let c(f) = -9*f**2 + 77*f - 61. What is c(10)?
-191
Let s(a) = -13*a**3 + 4*a**2 - 139*a - 144. What is s(-1)?
12
Let o(h) = 14*h**2 + 5*h - 11. Determine o(-4).
193
Let j(z) = 105*z - 231. What is j(2)?
-21
Let w(l) = l**3 + 26*l**2 - 25*l + 77. What is w(-27)?
23
Let c(y) = -28*y**2 + 205*y + 1. Give c(7).
64
Let z(g) = -2*g**2 - 88*g - 554. Give z(-7).
-36
Let y(d) = -3*d**2 - 209*d + 285. Give y(-71).
1
Let w(k) = -4152*k - 41525. Calculate w(-10).
-5
Let w(z) = -25*z**2 - 36*z - 7. Give w(-3).
-124
Let j(m) = 45*m - 267. Determine j(6).
3
Let w(q) = -q**2 + 81*q + 584. What is w(-7)?
-32
Let h(x) = 4*x**3 + 2*x**2 - 25*x - 106. What is h(-5)?
-431
Let o(i) = 254*i - 4305. Determine o(17).
13
Let n(p) = 224*p + 1270. Determine n(-6).
-74
Let j(n) = 5*n**2 + 15*n + 15. Calculate j(-5).
65
Let y(w) = -w**3 - 12*w**2 + 7*w - 50. What is y(-13)?
28
Let c(v) = -v - 168. Calculate c(-8).
-160
Let y(r) = -4*r**3 - 2*r**2 - 9*r - 1. Determine y(-4).
259
Let k(a) = 382*a - 4960. Give k(13).
6
Let x(b) = -b**2 + 5*b + 5. Calculate x(-1).
-1
Let d(a) = 4*a**2 - 195*a + 712. Calculate d(4).
-4
Let r(j) = 26*j**2 + 3*j + 2. What is r(2)?
112
Let l(m) = -m**2 - 180*m - 1381. What is l(-8)?
-5
Let t(o) = -8170*o + 49032. Determine t(6).
12
Let o(u) = -28*u + 114. What is o(-9)?
366
Let k(m) = -m**2 + 256*m - 1457. Give k(6).
43
Let p(c) = -c**3 + 11*c**2 - 37*c + 261. What is p(10)?
-9
Let y(o) = 3*o**3 + 218*o**2 + 358*o + 200. Give y(-71).
-13
Let p(x) = 3*x**3 + 34*x**2 + 37*x - 39. What is p(-10)?
-9
Let i(a) = -534*a - 532. Calculate i(-1).
2
Let n(v) = -2*v**3 + 84*v**2 - 160*v - 65. What is n(40)?
-65
Let j(m) = -26*m + 3135. What is j(121)?
-11
Let u(t) = 3*t**2 + 587*t + 3417. Give u(-6).
3
Let o(i) = 720*i - 41761. Give o(58).
-1
Let o(r) = -22*r + 143. Determine o(-31).
825
Let n(s) = -s**3 - 2*s**2 - 2*s - 455. Determine n(0).
-455
Let s(w) = -765*w - 16058. Calculate s(-21).
7
Let s(v) = -v**3 - 9*v**2 + 37*v - 12. Determine s(-12).
-24
Let j(p) = -458*p + 3678. Determine j(8).
14
Let j(t) = -44*t - 2227. Calculate j(-54).
149
Let i(h) = 345*h + 686. Give i(-2).
-4
Let j(f) = f**2 - 99*f - 414. Calculate j(-4).
-2
Let y(z) = -z**2 + 21*z - 63. What is y(23)?
-109
Let x(h) = 4*h**2 - 23*h - 33. Calculate x(7).
2
Let v(q) = -q**3 + 58*q**2 + 181*q + 112. Determine v(61).
-10
Let r(o) = -29*o**2 - 74*o - 153. Calculate r(-2).
-121
Let w(m) = 2*m**3 + 39*m**2 + 79*m + 453. Give w(-18).
3
Let n(g) = -711*g + 93849. Determine n(132).
-3